= -5*j. Suppose -4*v + 66 = -2*v + 2*i, n = 5*v + i - 153. What is the tens digit of v?
3
Let r(p) = 8*p + 4. Let h be r(-4). Let f = h + 21. What is the tens digit of 5*21*f/(-21)?
3
Let b(c) = -8*c + 5 - 2 + 8*c**2 + c**2 - c**3 + 1. What is the units digit of b(8)?
4
Let l(k) = -2*k**3 - 25*k**2 - 24*k + 15. What is the hundreds digit of l(-12)?
1
What is the units digit of (24/9)/((-4096)/2049 + 2)?
2
Let j(c) = -c - 3. Let k be j(-5). Let n be ((-12)/(-8))/(1/2). Suppose 0 = -h - k + n, -h = -3*q + 8. What is the units digit of q?
3
Let y(r) = -8 - r + 3 - 5. Let a be y(-12). Suppose 2*i + a*i - 132 = 2*o, 3*i - 102 = 3*o. What is the tens digit of i?
3
Let a be 4/(0 + 1)*(-299)/(-92). Let z = a + 27. What is the tens digit of z?
4
Suppose 0 = 7*s - 4*s - 1380. Suppose 6*y + 106 = s. What is the tens digit of y?
5
Suppose 5793 = -27*a + 43323. What is the thousands digit of a?
1
Let n(c) = -18*c - 1. Suppose 5*u - 4 = 6. Suppose -2*a - a = 4*g + 16, 5*g - u*a - 3 = 0. What is the units digit of n(g)?
7
Let f(b) = 23*b**2 - 2*b - 4. Let o be 6/39 + (-126)/(-26). Let k(c) = -24*c**2 + 2*c + 5. Let d(u) = o*k(u) + 6*f(u). What is the units digit of d(1)?
7
Suppose -325*l - 44928 = -341*l. What is the hundreds digit of l?
8
Let i(b) = -13*b**3 + b**2 + 2. Let q(a) = 40*a**3 - 3*a**2 - a - 5. Let v(c) = 17*i(c) + 6*q(c). What is the tens digit of v(2)?
4
Suppose -129 - 123 = -7*f. Let n = f + 55. What is the units digit of n?
1
Let x be 111/(-39) - (-4)/(-26). Let r(j) = -2*j**3 + 9*j**2 - 2*j - 3. Let o(y) = -y**3 + y**2 - 1. Let g(p) = x*o(p) + r(p). What is the units digit of g(-5)?
5
Suppose 11*g + 107 = -25. Let o(r) = r**3 + 14*r**2 + 18*r + 15. What is the tens digit of o(g)?
8
Let b = -8 + 15. Suppose b*r - 8*r = -3. What is the tens digit of 6*(r - (-1)/2)?
2
Let t be -3*1/(-9) + (-2)/6. Let j be -5*(-2 + (-36)/(-20)). Suppose t = l - 20 + j. What is the units digit of l?
9
Let z(y) = 3*y - 33. Let k be z(13). Let x(l) = 4*l**2 + 26*l + 1. What is the tens digit of x(k)?
0
Let y(j) be the second derivative of j**3/3 + 2*j**2 - 5*j + 1. What is the units digit of y(0)?
4
Let q(r) = -2*r + 16. Let o be (-3 + 1)*(-7)/2. Let t be q(o). Suppose 2*d = -0*f - t*f + 40, 2*f = -6. What is the units digit of d?
3
Let d(f) = -72*f - 271. What is the tens digit of d(-12)?
9
Suppose -3*y - 5 - 3 = -4*d, 5*y + 2 = d. Suppose q = -y*q. Suppose 0 = 2*f - 3*f - 2*w + 20, -3*f - 2*w + 68 = q. What is the units digit of f?
4
Suppose 27*g = 47*g - 6760. What is the hundreds digit of g?
3
Suppose 3*d + 5*q - 1518 = 0, -4*d + 3*q = 6*q - 2035. What is the tens digit of d?
1
Let g = -71 + 74. Suppose -5*m + 643 = -4*r, 0*m + 375 = 3*m + g*r. What is the tens digit of m?
2
Suppose -4*c + 29 = 5*s, -3*c + 2*s = -6*c + 13. Let k be -2 + 1 + c + 44. Suppose 5*v - 41 = k. What is the tens digit of v?
1
Suppose 0 = -9*i + 5304 - 273. What is the hundreds digit of i?
5
Let l(a) = 2*a + 14. Let p be l(-6). Let y(r) = r**3 + 5*r**2 - 3. What is the tens digit of y(p)?
2
Let f(w) = -7*w**2 + 55*w + 11. Let n be f(8). What is the tens digit of (25/(-15))/(n/(-576)*2)?
6
Let t(g) be the first derivative of -g**4/4 + 4*g**3 + g**2/2 + 3*g - 3. What is the units digit of t(11)?
5
Let i = -29 + 24. Let s be (-11)/(-2) - i/(-10). Suppose 6 + 4 = s*l. What is the units digit of l?
2
Let k(u) = u**2 + u + 1. Let q be (10/(-3) + 3)*-27. Let y be (-6)/q*(-18)/(-4). What is the units digit of k(y)?
7
Let n(o) = 7 - 2*o - 1 + o**2 + 0. Suppose 5*x - 40 = -5*s, 3*s = -2*x - 0*s + 20. What is the tens digit of n(x)?
1
Suppose 3*h + 5*y - 205 = -2*h, y = h - 33. Suppose -4*k = 3*t - h - 32, -5*k = 0. What is the tens digit of t?
2
Let j(k) = -41*k - 302. What is the hundreds digit of j(-43)?
4
Let s = 12221 + -7685. What is the tens digit of s?
3
Let h = 379 - 589. Let v = 4 - h. What is the tens digit of v?
1
Let a be (8 + -1)*(2 - (-8)/(-7)). Suppose 2*w - 12 = -2*n, a*w - 5*n - 50 = 3*w. What is the tens digit of w?
1
Suppose -2 = -5*f + 8. Suppose -5*w + c = -f*c - 17, -5*c = -w - 1. Suppose 4*u + 273 = w*x + 65, -4*u + 177 = 3*x. What is the tens digit of x?
5
Let m(n) = 2*n**3 - 3*n**2 + 31*n - 17. What is the units digit of m(9)?
7
Let i = -115 - -102. What is the units digit of i + 17 + (76 - 0)?
0
Let v(h) = -h**3 + 2*h**2 + 6*h + 11. Let c be (-2 + 21/6)/(9/(-24)). What is the tens digit of v(c)?
8
Let r = -35 + 149. Let u = r + -22. What is the units digit of u?
2
Suppose 2*n = 5*a + 1953, -25 = -3*a + 8*a. What is the hundreds digit of n?
9
Suppose 8*g = 3*d + 4*g + 2, 3*d = g + 4. Suppose -3*y - d*y = 75. What is the units digit of 4/(-10)*(y + 0)?
6
Let s be ((-792)/90)/((-2)/40). Suppose -s = -0*t - t. What is the units digit of t?
6
Let n(s) = s**3 + 0 + 4 - 11*s**2 + 11*s - 1 - 10. Let w be n(10). Suppose w*j - 94 - 18 = -5*a, j - 38 = -a. What is the tens digit of j?
3
Let n(w) = 9*w**2 - 8*w - 30. What is the hundreds digit of n(-4)?
1
Suppose 12*k = -3*y + 17*k + 1208, 2040 = 5*y - 3*k. What is the units digit of y?
1
Suppose -2*w = -3*w + 5*p, 0 = -w - p. Suppose w = 3*k + k + 212. Let a = k + 107. What is the tens digit of a?
5
Suppose 6*w = 2*w - 20, 3*q - 1759 = -4*w. What is the units digit of q?
3
Let t(k) = 3*k + 27. Let b be t(-6). Suppose 0*y - 225 = -b*y. What is the units digit of y?
5
What is the units digit of 138/(-92)*1234/(-3)?
7
Let b = 134 - 214. Let c(y) = 34*y - 3. Let n be c(-1). Let z = n - b. What is the tens digit of z?
4
Suppose -2*j + 267 + 93 = 0. What is the hundreds digit of j?
1
Let h = 1579 + -399. What is the tens digit of h?
8
Suppose -7401 = 19*y + 275. Let o = y + 721. What is the tens digit of o?
1
Let o be (3/6)/(2/(-24)). Let g = o - -6. Suppose -2*c = -3*h - 79, 2*h + 78 = 2*c - g*h. What is the units digit of c?
8
Let d = -106 + 41. Let j = d + 111. What is the tens digit of j?
4
Suppose 372 = -2*m + 2384. What is the thousands digit of m?
1
What is the tens digit of -2*(-306)/(-24)*-2?
5
Let w(h) = 7*h + 1. Suppose -3*c - 7 = -4*p - 0*c, p + 2 = -3*c. Let l be w(p). Suppose 0 = 2*a - 3*x - l, 4*x - 12 = -5*a + 8. What is the units digit of a?
4
Suppose 105 = 5*y - 75. Suppose -3*l - 144 = -4*j, -5*l = -j - l + y. What is the tens digit of j?
3
Suppose -2*f + 0 = -j - 5, -2*j - 2*f + 20 = 0. Suppose y - j = -0*s + 5*s, 4*y + 20 = 0. What is the tens digit of s - 1 - -3 - -63?
6
Suppose -50*c = -42*c - 3896. What is the tens digit of c?
8
Let f be 34/9 - (-4)/18. Let c(k) = -f*k + k + 8 - k**2 - 7*k. What is the tens digit of c(-9)?
1
Let i = -1 + 1. Suppose -21*g - 7*g + 2128 = 0. Suppose 0 = -3*l - 2*c + 200, 4*c + g = -i*l + l. What is the tens digit of l?
6
Let g(h) = 5*h + 1. Let f(l) = l. Let p(v) = -6*f(v) + g(v). Let n be p(4). Let z(k) = -4*k - 2. What is the units digit of z(n)?
0
What is the tens digit of 2 - 595/(-7)*1?
8
Let i be 3/((-18)/(-4))*3. Suppose -t + 48 = i*t. Let v = t - -1. What is the tens digit of v?
1
Let k(b) = -b**3 + 2*b**2 - 46*b + 8. Let g be k(20). What is the tens digit of (-6)/(-4)*g/(-72)?
6
Suppose 654 - 8398 = -11*p. What is the hundreds digit of p?
7
Let o(w) = 44*w**2 - w - 1. Let l be o(-1). Suppose 216 = 4*c + l. What is the units digit of c?
3
Suppose 33*z - 14828 = 11*z. What is the hundreds digit of z?
6
Suppose 11*f - 6*f - 4*r = 1188, -r + 3 = 0. What is the units digit of f?
0
Suppose 5*u = 4*f - 2*f + 75, 4*f = u - 123. Let i = -26 - f. Let l = 11 + i. What is the tens digit of l?
1
Suppose -3 + 7 = a - f, -5*a - 4*f = 16. Suppose 7*q - 10*q + 9 = a. What is the units digit of q?
3
What is the hundreds digit of (-39258)/(-30) - 3/5?
3
Suppose -2*g = 4, 1277 + 55 = 5*l - g. What is the units digit of l?
6
Let g(x) = 5*x + 364 - 24*x**2 + 2*x - 355. Let n be g(9). What is the tens digit of (-2)/(-14) - n/28?
6
Let v(f) = -11*f**2 + 2. Let n be v(-2). Let g = -36 - n. What is the units digit of g?
6
Let d(r) = -r**3 - 18*r**2 - 20*r + 1. Let w = 24 + -41. What is the units digit of d(w)?
2
Suppose -4*c - 2*i - 24 = 0, 5*i = 4*c + c. Let g(n) = -25*n + 4. What is the units digit of g(c)?
4
Let z(k) = -69*k + 51. What is the units digit of z(-5)?
6
Suppose -1063 = -5*t - j, -t + 7*j - 5*j = -217. What is the hundreds digit of t?
2
Suppose 4*z = s + 2*s - 108, s = 2*z + 38. L